2 + 12*l. Let x be a(6). Suppose 2*n - q*g + g = 3, x = 5*n + 2*g - 21. Calculate h(n).
13
Let r(b) = -b - 4. Let f(q) = q**3 + 11*q**2 + 7*q - 19. Let c be f(-10). Suppose -c*l - 12 = -56. Suppose -5*g - 15 = l*t, 2*t + 5*g + 14 = -1. Give r(t).
-4
Let n(s) = -s**2 - 6*s - 6. Suppose -5*v + 3*v + 56 = 0. Let x = -11 + 13. Suppose -5*r - v = x. Determine n(r).
-6
Let g(q) = -q**3 - q**2 - q - 13. Let a(b) = -12*b + 243. Let y be a(20). Suppose -x + y*u = 3, 0 = 11*x - 15*x + 4*u - 4. Give g(x).
-13
Let f(n) = n**2 + 7251563 - n**3 - 63*n - 7250646 + 40*n**2. Calculate f(40).
-3
Suppose 5*k + 2 - 637 = v, -5*k + 2*v = -635. Let l(a) = a + 137*a**2 - 2 - a**3 + 0*a**3 + k*a**2 - 261*a**2. Calculate l(4).
-14
Let d be (-3)/(-2) + (-1)/2. Suppose 60 = 5*w - 5*q, 28 = -5*w + 8*w + 5*q. Let b(y) = -2*y**2 + w*y**3 - y**3 + 2*y + 0*y**2 - 1 + 0. Determine b(d).
9
Let w be 35/(280/(-48)) + 39/6. Let z(s) be the first derivative of s + w*s**2 - 18. Give z(-2).
-1
Suppose -r + 4*c + 33 = 2*r, 9 = 3*r + 4*c. Let i(d) be the first derivative of -2*d + 1/4*d**4 - 407 - 7/3*d**3 + 0*d**2. Calculate i(r).
-2
Suppose 0 = -4*v + m - 308 + 330, -4*v + 3*m + 26 = 0. Let r(p) = -17*p + 86. Determine r(v).
1
Let y(q) = 8*q + 6 - q**2 - 2 + 0*q**2. Let f be -1*25 - (-2450)/70. Calculate y(f).
-16
Suppose 5*m = -0*m + 125. Suppose m - 4 = -7*a. Let v(g) = 2*g**2 + 4. What is v(a)?
22
Let m(p) = -p**2 + 19*p - 32. Let i be 29/(-145) - 243/(-15). Determine m(i).
16
Let j = -40 + 38. Let b(g) = -23*g**2 - 2*g - 14. Let w(h) = -13*h**2 - h - 8. Let x(z) = -4*b(z) + 7*w(z). Determine x(j).
2
Suppose 0*k + k + 1 = -b, 0 = 5*b - k + 29. Let q = -97 + 96. Let n = q + b. Let w(u) = u**2 + 6*u. Determine w(n).
0
Let q(h) = 7*h - 131. Let l = 3749 - 3731. Determine q(l).
-5
Let t = 602 + -584. Let s(l) = -3 - 2 + 15*l - t*l. What is s(-1)?
-2
Let n(j) = 2*j + 16. Let h = -3302 + 3311. Calculate n(h).
34
Let j(n) = 3*n**3 + 3*n**2 + 3*n + 2. Suppose -10 = -6*l + 11*l. Let s be (-69 - -2)*(l + 1) + -3. Suppose 68 - s = -2*h. Calculate j(h).
-16
Let l be -2*(4 + -8) - (3 - 1). Let v(p) = 3*p - 18. Determine v(l).
0
Suppose -15*p + 155 = 35. Let b(z) = 2*z**2 - 20*z + 6. What is b(p)?
-26
Let k(o) = -2*o - 14*o + o**2 + 52 + 4*o - 4*o. Let n be k(4). Let s(q) = q**3 - 4*q**2 - 4*q + 1. Give s(n).
-15
Let j(s) = s**3 - 4*s**2 + 6. Let w(v) = -v**2 + 2*v + 43. Let b be w(17). Let a = b - -215. Give j(a).
-3
Let l(a) = a**2 + 2*a + 5. Let f(r) = -r**2 - 22*r + 73. Suppose 100 = -47*v + 43*v. Let j be f(v). Determine l(j).
5
Suppose -169 = -7*u - 162. Let q(i) = -4*i + 3*i + 1 + 6*i**2 - 4*i**2 + 13*i**2. Calculate q(u).
15
Let i(y) be the first derivative of -3*y**2 + 143*y + 872. Determine i(23).
5
Let f(l) be the second derivative of -l**5/20 - 5*l**4/12 - l**3/3 - l**2/2 + 36389*l. Let p be 4*-1*(2 + -1). Calculate f(p).
-9
Let d(h) = -h**2 + 6*h + 4. Let t = -3062 - -3068. Calculate d(t).
4
Let d(n) be the third derivative of -n + 121*n**2 - 1/30*n**5 + 0 + 1/6*n**3 + 1/12*n**4. Give d(3).
-11
Let x(t) be the first derivative of 3*t**4/4 - 2*t**3 - t**2 - 3250. Determine x(3).
21
Let z be 2*(-1 - 0) + -3. Let s(i) be the second derivative of -i**4/12 - i**3 + i**2/2 - 724*i. What is s(z)?
6
Let f(b) be the first derivative of -9*b - 110 - 15*b**2 + 13*b**2 + 4*b**2. Calculate f(4).
7
Let h(w) = -w**2 - w. Let t(r) = 5*r**2 - 7*r + 3. Let k(z) = 4*h(z) + t(z). Let o(i) = 4*i**3 + 18*i**2 + 11*i - 7. Let y be o(-2). Give k(y).
3
Let k(z) = -40*z - 35 + 112*z - 35*z - 36*z. Give k(29).
-6
Let z(k) = 8*k**3 - 15*k**2 - 82*k - 1. Let y(g) = 7*g**3 - 15*g**2 - 78*g - 2. Let c(b) = -7*y(b) + 6*z(b). Determine c(18).
8
Let h(t) = 3*t**3 + t + 11 + 0*t - 13 - 2*t**2. Suppose 2*x = -2*x - 2*g - 2, g - 5 = -5*x. Calculate h(x).
16
Let f(w) = 13*w + 5. Let g be 5/10*(-7 + 1). Let m(l) = 16*l + 7. Let s(i) = g*m(i) + 4*f(i). Give s(-3).
-13
Let d be (-5 + -2)*(35 - -5). Let r = d - -282. Let q(p) = -10*p + 6. Give q(r).
-14
Let q(g) be the second derivative of 5/2*g**2 - 12*g - 1/10*g**5 - 1/120*g**6 + 0 - 1/3*g**3 + 7/24*g**4. Let p(s) be the first derivative of q(s). Give p(-7).
-2
Let f(h) = 42*h - 7*h**2 + 24*h**3 - 29*h**2 - 26*h**3 - 23 - 19*h - 11*h**2. Determine f(-24).
1
Let t(x) = x**3 + x**2 + x + 51. Let o(c) = -c**3 - 11*c**2 - c - 156. Let z be o(-12). Determine t(z).
51
Let c(f) = -f**2 + 11*f + 2. Suppose -3*g + 29 = -4*l, 4*g - 2*l - 7 = -3*l. Suppose 32 = 4*p + 3*a, 2*p - a - 40 = -g*p. What is c(p)?
26
Let s(j) = 8*j**2 + 11 - 9*j**3 - 28*j**3 + 15*j + 42*j**3 - 4*j**3. Calculate s(-6).
-7
Let f(p) = p**2 - 14*p + 10. Let v be f(13). Let b(z) = 2*z - 5. Let u be 102/272 - (-134)/(-16). Let k(l) = -5*l + 14. Let d(j) = u*b(j) + v*k(j). Give d(2).
-4
Suppose -42 = -421*p + 407*p. Let i(k) = 0*k + 111 - 4*k + p*k + 115 - 252. What is i(-22)?
-4
Let d be 96/36 - (-10)/(-15). Let i(q) = 9 - 17*q**d + 31*q**2 + 8*q - 13*q**2. What is i(-7)?
2
Suppose k - 586 = 2*s, 0 = -k - 5*s + 8*s + 584. Let o = k + -596. Let i(f) = -5*f - 26. Determine i(o).
4
Let u(b) = -79*b + 39. Let l(r) = 16*r - 4. Let n(f) = 5*l(f) + u(f). Determine n(4).
23
Let z(b) = 2 - b**3 + 2*b - 3*b**2 + 5*b**2 - b**3 - 3*b**2 - 3*b**2. Suppose -7*k = -9*k - 6. Calculate z(k).
14
Let q(n) = -n - 15. Let u(b) = -353*b - 11. Let y be u(0). Determine q(y).
-4
Let m(g) be the second derivative of g**5/20 - 13*g**4/4 + 13*g**3/2 - 15*g**2 - 4105*g. Calculate m(38).
8
Let s(z) be the second derivative of -z**4/12 + 7*z**3/3 - 33*z**2/2 + 12*z. Suppose 3*h + p = 25, 5*h - 5*p - 59 = 16. What is s(h)?
7
Let t(x) = 691*x + 687*x + 5*x**2 - 25 - 1374*x - 4*x**2. What is t(-7)?
-4
Let f(v) = 493*v + 4444. Let r be f(-9). Let a(z) = 14*z - 90. Calculate a(r).
8
Suppose 32 = -17*o - 77 - 27. Let m(h) = 47*h + 390. What is m(o)?
14
Suppose 0 = -3*u + 2*o + 41, -6*u + 3*u = o - 29. Suppose -1 - u = 3*v, 5*q = 4*v + 11. Let n(f) be the first derivative of 7*f**3/3 - f + 1. What is n(q)?
6
Let n(t) = t**2 + 41*t + 147. Suppose 184 = 3*z + 2*p + 295, p = 0. Calculate n(z).
-1
Let a(d) = -d + 8. Suppose -7*x + 67 = -332. Suppose -7*v = 12*v - x. Determine a(v).
5
Let d(q) = 6*q - 1. Let k(p) = p**3 - 4*p**2 + 5*p - 2. Let x be k(3). Suppose 6*j - 9*j = -4*o - x, -4 = -j. Suppose 0 = o*m - 4*m - 2. Determine d(m).
-7
Let z(b) = b + 2. Let o be (1 + 3)/16 - (-1)/(-4). Let q be z(o). Let r(l) = -5*l**2 + q - l**3 + 0 - l**2 - 2*l + 7*l**2. What is r(2)?
-6
Let r be (-14)/(70/(-125)) + -15. Suppose -3*m + 58 = 10. Suppose r*v - 6*v = m. Let w(j) = j**2 - 5*j + 5. Calculate w(v).
1
Let q(u) = 2*u**2 + 5*u - 374. Let a be q(-15). Let o(l) be the third derivative of l**4/24 + 2*l**2. What is o(a)?
1
Suppose 0 = 2*y, 2 = -4*h + 4*y + 14. Let n(i) be the third derivative of -1/24*i**4 + 1/60*i**5 - 2*i**2 + 0 - 13*i + 1/6*i**3. Give n(h).
7
Suppose -11 = -4*j + 5. Suppose -2*u + j*n = 7*n - 127, u - n = 51. Let f be 126/u + 2/(-8). Let o(a) = -a**2 - 3*a + 2. Give o(f).
-8
Let s(y) be the second derivative of 3*y + 7/12*y**4 - 1/20*y**5 - 4*y**2 + 1/6*y**3 + 0. Suppose 11*q + 6*n = 2*n + 49, 9*n = 5*q + 14*n. Calculate s(q).
-1
Suppose -4*s + 3*v = -43, -4 - 3 = -s + 2*v. Let u = s + -17. Let c(r) = -3*r - 2. What is c(u)?
10
Let d(m) be the first derivative of -m**5/30 + m**4/24 + 23*m**3 - 31. Let v(z) be the third derivative of d(z). Give v(-5).
21
Let b be (-1066)/(-39) + (60/(-9))/5. Suppose 2*x = 5*q - 54, 5*x - 3*x = -3*q + b. Let h(d) = -4*d + 7*d**2 - 11 + 4*d**2 - 5*d - d**3. Give h(q).
-1
Let d(j) = 3031 - 2996 - 4*j + 4*j + j. Give d(-6).
29
Let b(k) = 3*k**3 + 36*k**2 + 11*k - 32. Let o(w) = -w**3 - 17*w**2 - 3*w + 16. Let a(r) = -2*b(r) - 5*o(r). Calculate a(13).
-107
Let t(l) = -12*l + 12 + 118*l**2 - 7 - 117*l**2. Suppose 8*k - 30 = 5*k. Determine t(k).
-15
Let n be (1/(-2))/((-8)/(-48)) - (-12)/(-2). Let k(s) = -2*s**3 - 20*s**2 - 16*s + 20. What is k(n)?
2
Let l(i) be the second derivative of -i**5/60 - 5*i**4/24 - i**3 - 33*i**2 + 88*i - 1. Let s(b) be the first derivative of l(b). Determine s(-4).
-2
Let q = 12 - 10. Let n(u) = u**2 - 12*u + 3. Let i(g) = -2*g**2 + 25*g - 6. Let a(b) = q*i(b) + 5*n(b). Let h be (12 - (-16 - -34))*-1. Give a(h).
-21
Let l(b) = b**3 + 8*b**2 - 8*b + 12. Let p be -31 - ((-2)/(-2) - 0).